is the ten thousands digit of z(-30)?
1
Suppose 16*l = 2*l + 1428. Suppose -91*v - 8723 = -l*v. What is the tens digit of v?
9
Let d(p) = 1063*p**2 + 268*p - 1040. What is the hundreds digit of d(4)?
0
Suppose k + 4*u - 781 = 2420, 2*k = -3*u + 6412. What is the units digit of k?
9
Let g = -20 - -22. What is the units digit of g/8 - 5752/(-32)?
0
What is the units digit of (-400262)/(-10) - ((-117)/(-735) - (-58)/1421)?
6
Let h = 22 - 48. Let x = 31 + h. Suppose -x*b = -10*b + 100. What is the units digit of b?
0
Suppose -10*u = -4036 - 4204. Let k = u - 440. What is the hundreds digit of ((-12)/(-8))/(4/k)?
1
Let u be 665/14*(-36)/(-15). Let g = u + 532. What is the units digit of g?
6
Suppose 94*y - 127267 = 4145. What is the thousands digit of y?
1
Let c(d) = 255*d + 3565. What is the hundreds digit of c(42)?
2
Let c = -55 - -30. Let d = c + 54. Suppose -q + d = -18. What is the tens digit of q?
4
Let o(v) be the first derivative of 21*v**2 + 117*v - 180. What is the tens digit of o(11)?
7
Suppose 2*z - 2*o = 8056, -3*o = -7*o + 20. Suppose 0 = -9*x - 694 + z. What is the units digit of x?
1
Suppose 4 = 1337*t - 1336*t. Suppose 0 = 2*x + 3*q - 409, 611 = 3*x - t*q + 6*q. What is the hundreds digit of x?
2
Let n(w) = -4*w + 16. Let d be ((-25480)/(-48))/7 + (-2)/(-12). Suppose 4*m - 2*b - 2*b + d = 0, 3*m + b + 57 = 0. What is the tens digit of n(m)?
9
Suppose i = 2*a + 185, 13*i - 18*i + 881 = a. What is the hundreds digit of i?
1
Let m = 284 + -266. Suppose 4*n - h = 1713, 20*n - m*n + 4*h = 870. What is the units digit of n?
9
Let v be -2 - 12/(-3) - -1. What is the tens digit of (v - -3)*(-151)/(-2)?
5
Let h(p) = p**2 - 15*p + 52. Let r be (-6)/45 - (626/15)/2. What is the hundreds digit of h(r)?
8
Let w = 349 - 177. Let c(i) = i**3 + 2*i**2 + 3*i - 5. Let f be c(4). Let a = w - f. What is the units digit of a?
9
Let h = -3846 - -5178. What is the units digit of h?
2
Let a(b) = 131*b**2 + 3*b - 2. Let t be a(1). Let r = t + -59. Suppose -f - 5*x + r = -0*f, 4*x + 257 = 3*f. What is the units digit of f?
3
Let y(k) = 12*k + 22. Let l be y(9). Let n = -274 + l. What is the units digit of 4 + 76/(-20) + n/(-5)?
9
Suppose -11*o + 2364 = 527. Suppose -o*g = -175*g + 2424. What is the units digit of g?
3
Let x(m) = -424*m - 8203. What is the ten thousands digit of x(-196)?
7
Suppose -34*r - 64093 = -202269. What is the tens digit of r?
6
Let s = -31 - -215. Suppose q + 46 - s = 0. What is the units digit of q?
8
Let p(t) = -28*t + 9. Suppose 0 = 6*o - 11*o + 35. Suppose 4*a = -23 + o. What is the tens digit of p(a)?
2
Let f = 44 - 46. Let j be 4 + (f + -3 - -3). Suppose -4*o = -3*d + 97, -2 = j*o + 6. What is the tens digit of d?
2
Suppose 0 = -f - 5*s - 2 + 17, s - 3 = -3*f. Suppose 0*r + 4*r - 3*w - 1813 = f, 3*r + 5*w - 1367 = 0. What is the units digit of r?
4
Let f = 143 - 138. Suppose 1232 = z + f*p, -2*z = 2*z + p - 4833. Suppose -h - z = -5*a + 2*h, -4*a - 4*h = -940. What is the tens digit of a?
3
Suppose 27*o - 294294 = 4*o + 2*o. What is the hundreds digit of o?
0
Suppose -4*w = n - 14, n + 3*w = -0*n + 12. What is the tens digit of (-3)/(-2) - ((-3921)/n + 8)?
4
Suppose -6*a + 2954 = -7066. Suppose 3*t + 4*p = 9*p + 2512, 2*t - p = a. What is the units digit of t?
4
Let r be 1 + (-22)/(-10) + (-20)/100. Suppose -n + a = -r*n + 763, 0 = a - 5. What is the tens digit of n?
7
Suppose 12142 = 3*k - 5*q, 5*k - 12138 = 2*k + 3*q. What is the hundreds digit of k?
0
Suppose 38*o = -114*o + 4*o + 12857648. What is the hundreds digit of o?
8
Suppose -9*t + 7*t = -24. Let l be (-3 + t/(-4))*-25. Suppose -5*w + 615 = l. What is the tens digit of w?
9
Suppose -16*b - 77 = -5*b. Let k be (36/14)/(-1)*b. Suppose -5*i - k = -568. What is the units digit of i?
0
Let t(m) = m**3 + 4*m**2 - 2*m - 8. Let w be t(-4). Suppose w = -138*d + 150*d - 1764. What is the tens digit of d?
4
Let n be (-50)/(-6) - (-6)/9. Let j = n - -11. Suppose j + 67 = p. What is the units digit of p?
7
Suppose 6535237 = 113*p + 1011684. What is the units digit of p?
1
Let s(w) = -23*w + 17. Let y(o) = 8*o - 6. Let q(h) = 6*s(h) + 17*y(h). Suppose -4*c - 10 = c. What is the units digit of q(c)?
4
Let o(r) = -r**2 + 4*r + 12. Suppose 4*l = 5*u + 19, 7*u - 3 = -l + 10*u. Let p be o(l). What is the tens digit of 255 + (-1)/(2 + 0)*p?
5
Let n = 1161 + -1651. Let a = n - -584. What is the units digit of a?
4
Let n = 865 + -862. Suppose c = -n*f + 1496, -c + 26*f + 1500 = 31*f. What is the thousands digit of c?
1
Let b(c) = -4*c - 24. Let t = 24 + -19. Let r = -13 + t. What is the units digit of b(r)?
8
Suppose -482 = 16*l - 17*l. Suppose 4*i - 944 = -2*d, -d + l = 3*i - 6*i. Suppose 0 = -6*q + q + 2*j + d, -4*j - 376 = -4*q. What is the units digit of q?
6
Suppose 0 = 3*r + 3*k - 39888, -4*k = 3*r - 7*k - 39888. What is the hundreds digit of r?
2
Let a(h) = -h**3 - h**2 + 9*h + 3. Let q be a(-4). Suppose 5*n + 0 - q = 0. Suppose -15 = n*d, 2*g - 7*g + 4*d = -155. What is the tens digit of g?
2
Suppose -68*b - 110045 - 1776289 = -142*b. What is the thousands digit of b?
5
Let m = -361 + 359. What is the units digit of (-503)/m - (-1)/2?
2
Let n(w) = w**2 - 6*w - 183. Let g(f) = 4*f**2 - 19*f - 547. Let l(z) = 2*g(z) - 7*n(z). Let s be l(0). Let d = s + -53. What is the tens digit of d?
3
Let m(j) = 590*j - 146. Suppose -4 = 3*p + 2*n - 6, -2*n = 4. What is the tens digit of m(p)?
3
Let g be ((-6681)/12)/(25/(-100)). Suppose 3*s + 2*a - 2228 = 4*a, -3*s = -a - g. What is the hundreds digit of s?
7
Let t(s) = -2*s + 383 - 379 + 3*s. Let m be t(3). What is the hundreds digit of 2 + (-16776)/(-63) - 2/m?
2
Suppose 2*o = -5*l + 15562, -14*o - 15574 = -16*o - 3*l. What is the tens digit of o?
9
Let r = 228 + -227. What is the tens digit of (137 + -14)/(0 + r/7)?
6
Suppose 35 + 62 = -q. Let c = q - -263. Suppose 5*j - c = -4*t, 3*j = 8 - 2. What is the units digit of t?
9
Suppose 76*l - 63104 = -40*l. What is the tens digit of l?
4
Suppose 30662 + 58084 = 6*i. What is the ten thousands digit of i?
1
Let l(q) = 282*q**2 - 94*q + 617. What is the ten thousands digit of l(6)?
1
Let o be (-32)/(-3) - 58/87. Let p be (o/(-40))/((-1)/16). Suppose 3*n = -3*h + 258, 0*h + p*h = 5*n - 403. What is the units digit of n?
3
Let b be (-8)/(-24)*(-4)/((-12)/9). What is the hundreds digit of 22/22*(429 - b)?
4
Let g(m) = 1091*m**2 - 19*m - 20. What is the tens digit of g(-2)?
8
Let f = 60 - 55. Let q = -17 - f. Let x = q + 36. What is the units digit of x?
4
Let l be (-33)/(-55) - 434/(-10). Suppose -52*v + l*v = -9080. What is the thousands digit of v?
1
Let m be 4862/6 + 4/6. Suppose m + 1119 = 10*g. What is the tens digit of g?
9
Let g(p) = -8*p**3 - 34*p**2 - 93*p - 1. What is the thousands digit of g(-9)?
3
Let y(k) = 8*k**3 + 17*k**2 - 30*k - 196. What is the thousands digit of y(12)?
5
Let h = 374 - 661. Let y = h - -483. What is the hundreds digit of y?
1
Suppose 184*d + 137*d = 93*d + 2190624. What is the thousands digit of d?
9
Let b = -12509 + 28509. What is the tens digit of b?
0
Let l(r) = -105*r - 1610. What is the tens digit of l(-37)?
7
Let d = 136 - -3. Let n(b) = -b**2 + 37*b - 53. Let h be n(27). Let z = h - d. What is the tens digit of z?
7
Let g be ((-448)/(-12))/(-7)*(-18)/8. Let i(r) = r**3 - 13*r**2 + 10*r + 29. Let x be i(g). Let w(s) = s**2 + 2*s + 5. What is the tens digit of w(x)?
4
Suppose -4*j + 3*g + 169603 = 0, -3*j = -4*g - 155655 + 28465. What is the thousands digit of j?
2
Let t be -8 + (-18)/(-15) + (-4)/(-5). What is the hundreds digit of ((-312)/3)/(-1) + t/3?
1
Let r = 259 - 254. Suppose -4*x + 1752 = 5*k, -x - 1319 = -4*x - r*k. What is the hundreds digit of x?
4
Suppose 0 = t - 0 - 4. Let r(p) = 21*p + 18. Let x(v) = 651*v + 560. Let k(j) = 63*r(j) - 2*x(j). What is the units digit of k(t)?
8
Let k be 7/(-70)*12*(-460)/(-6). What is the units digit of (74428/k)/(-2 - (-2 + 1))?
9
Let i(n) = -69*n - n**3 - 17*n**2 + 54*n - 6 + 0*n**3. Let h be i(-15). Let l = 380 + h. What is the hundreds digit of l?
1
Suppose 4*f = 220 - 1588. Let t = 16 - f. What is the tens digit of t?
5
Let l = -236 - -1261. Suppose -112 = 11*c - l. What is the units digit of c?
3
Suppose 0 = -358*m + 360*m + 5*l - 15353, -4*l = -m + 7683. What is the tens digit of m?
7
What is the thousan